{"id":3068,"date":"2021-10-22T19:49:21","date_gmt":"2021-10-22T19:49:21","guid":{"rendered":"https:\/\/martirinonnati.org\/?page_id=3068"},"modified":"2022-01-07T12:26:54","modified_gmt":"2022-01-07T12:26:54","slug":"formazione","status":"publish","type":"page","link":"https:\/\/martiriabortiti.org\/?page_id=3068","title":{"rendered":"Formazione"},"content":{"rendered":"\r\n<p>LA FORMAZIONE<\/p>\r\n<p>In questa pagina quello che vogliamo offrire \u00e8 una formazione spirituale per i pi\u00f9 piccoli di et\u00e0 e di spirito.<\/p>\r\n<p>Dobbiamo riuscire a capire e vivere l\u2019importanza della vita umana, del dono della vita. La parola di Dio ci conduce alla sorgente della vita, illumina il cammino e ce ne rivela il senso.<\/p>\r\n<p>Dobbiamo vivere in questa luce e dobbiamo trasmettere quello che abbiamo scoperto e in questo la Chiesa \u00e8 madre e maestra.<\/p>\r\n<p>Abbiamo nel <span style=\"color: #3366ff;\">Catechismo della Chiesa Cattolica <span style=\"color: #000000;\">un<\/span><\/span> grande aiuto e un riferimento sicuro per una solida formazione. Nel <span style=\"color: #3366ff;\">compendio del Catechismo della Chiesa Cattolica,<\/span> che \u00e8 stato realizzato con una serie di domande e risposte, troviamo uno strumento di lavoro molto pratico. Bisogna averlo sempre a portata di mano.<\/p>\r\n<p>La pagina web amica che si \u00e8 unita alla Causa : <a href=\"http:\/\/www.lacasettadidio.it\" target=\"_blank\" rel=\"noopener\">www.lacasettadidio.it<\/a> potr\u00e0 avere uno sviluppo ed essere, con i vari progetti, un centro di unit\u00e0 per piccoli e adulti.<\/p>\r\n<p>Il punto\u00a0 di partenza \u00e8 il cuore dell\u2019uomo che Dio ha creato per poter stabilire in esso la sua casa.<\/p>\r\n<p>Dio vuole vivere nel cuore di ogni uomo, questo \u00e8 il segreto della nostra esistenza. Siamo chiamati alla vita per essere partecipi della stessa vita divina.<\/p>\r\n<p>\u00a0La formazione vuole essere come un gruppo di lavoro, come un laboratorio che aiutila persona e la famiglia in un percorso di approfondimento e di crescita spirituale rispettando il ruolo insostituibile della famiglia nella crescita integrale della persona e del credente.<\/p>\r\n<p>Sar\u00e0 una pagina sempre in lavorazione\u2026con l\u2019apporto di tutti.<\/p>\r\n<h6 style=\"text-align: center;\"><a href=\"https:\/\/www.lacasettadidio.it\" target=\"_blank\" rel=\"noopener\"><strong><img decoding=\"async\" class=\"wp-image-3135 alignright\" src=\"https:\/\/martirinonnati.org\/wp-content\/uploads\/2021\/12\/ENTRA-la-casetta-di-Dio-300x268.jpg\" alt=\"\" width=\"406\" height=\"359\" \/><\/strong><\/a><\/h6>\r\n<h6 style=\"text-align: center;\">\u00a0<\/h6>\r\n<p>ARTICOLO CARD. SARAH<\/p>\r\n<p>https:\/\/lanuovabq.it\/it\/il-catechismo-e-via-allincontro-con-gesu<\/p>\r\n<p>&nbsp;<\/p>\r\n<p>&nbsp;<\/p>\r\n<p>&nbsp;<\/p>\r\n<p>&nbsp;<\/p>\r\n<p>&nbsp;<\/p>\r\n<p>CATECHISMO DELLA CHIESACATTOLICA<\/p>\r\n<p><a href=\"https:\/\/www.vatican.va\/archive\/catechism_it\/index_it.htm\" target=\"_blank\" rel=\"noopener\">https:\/\/www.vatican.va\/archive\/catechism_it\/index_it.htm<\/a><\/p>\r\n<p>&nbsp;<\/p>\r\n<p>COMPENDIO DEL CATECHISMO DELLA CHIESA CATTOLICA<\/p>\r\n<p><a href=\"https:\/\/www.vatican.va\/archive\/compendium_ccc\/documents\/archive_2005_compendium-ccc_it.html\" target=\"_blank\" rel=\"noopener\">https:\/\/www.vatican.va\/archive\/compendium_ccc\/documents\/archive_2005_compendium-ccc_it.html<\/a><\/p>\r\n","protected":false},"excerpt":{"rendered":"<p>LA FORMAZIONE In questa pagina quello che vogliamo offrire \u00e8 una formazione spirituale per i pi\u00f9 piccoli di et\u00e0 e<\/p>\n","protected":false},"author":1,"featured_media":0,"parent":0,"menu_order":0,"comment_status":"closed","ping_status":"closed","template":"","meta":{"footnotes":""},"class_list":["post-3068","page","type-page","status-publish","hentry"],"_links":{"self":[{"href":"https:\/\/martiriabortiti.org\/index.php?rest_route=\/wp\/v2\/pages\/3068","targetHints":{"allow":["GET"]}}],"collection":[{"href":"https:\/\/martiriabortiti.org\/index.php?rest_route=\/wp\/v2\/pages"}],"about":[{"href":"https:\/\/martiriabortiti.org\/index.php?rest_route=\/wp\/v2\/types\/page"}],"author":[{"embeddable":true,"href":"https:\/\/martiriabortiti.org\/index.php?rest_route=\/wp\/v2\/users\/1"}],"replies":[{"embeddable":true,"href":"https:\/\/martiriabortiti.org\/index.php?rest_route=%2Fwp%2Fv2%2Fcomments&post=3068"}],"version-history":[{"count":9,"href":"https:\/\/martiriabortiti.org\/index.php?rest_route=\/wp\/v2\/pages\/3068\/revisions"}],"predecessor-version":[{"id":3149,"href":"https:\/\/martiriabortiti.org\/index.php?rest_route=\/wp\/v2\/pages\/3068\/revisions\/3149"}],"wp:attachment":[{"href":"https:\/\/martiriabortiti.org\/index.php?rest_route=%2Fwp%2Fv2%2Fmedia&parent=3068"}],"curies":[{"name":"wp","href":"https:\/\/api.w.org\/{rel}","templated":true}]}}