{"id":203,"date":"2020-11-19T14:49:20","date_gmt":"2020-11-19T14:49:20","guid":{"rendered":"https:\/\/martirinonnati.org\/?page_id=203"},"modified":"2021-06-19T17:33:36","modified_gmt":"2021-06-19T17:33:36","slug":"causa-dei-bimbi-non-nati-martiri","status":"publish","type":"page","link":"https:\/\/martiriabortiti.org\/?page_id=203","title":{"rendered":"Causa dei bimbi non nati martiri"},"content":{"rendered":"\n<p style=\"text-align: center;\"><strong>\u00a0<\/strong><\/p>\n<p><img decoding=\"async\" class=\"alignleft wp-image-144\" src=\"https:\/\/martirinonnati.org\/wp-content\/uploads\/2020\/11\/jesus.jpg\" alt=\"Causa dei bimbi non nati martiri\" width=\"301\" height=\"416\" \/>Dopo il Concilio Vaticano II si \u00e8 avuta una gran quantit\u00e0 di canonizzazioni e soprattutto si \u00e8 usciti da quella consuetudine che per essere Santi bisogna essere sacerdoti, vescovi, Papi, religiosi o religiose. Si \u00e8 avuta una esplosione di santit\u00e0 di laici, di sposi cristiani e anche di bambini che hanno portato il cambiamento di certe procedure della Congregazione delle Cause dei Santi. Per esempio riguardo alla Causa dei Pastorelli di Fatima, Giacinta e Francesco, sono state cambiate le regole sul periodo di perseveranza nelle virt\u00f9 eroiche. Prima infatti era richiesto per i candidati, come prova sicura, almeno 10 anni di esercizio eroico delle virt\u00f9.\u00a0 Ora sono richiesti 5 anni dall\u2019uso della ragione e anche meno, come si \u00e8 verificato per i bambini di Fatima\u2026<\/p>\n<p>Nel caso dei martiri ci sono dei criteri ben definiti e riassunti nei quattro elementi storico-giuridici:<\/p>\n<p>1) morte violenta inflitta, 2) da un persecutore, 3) per un motivo di fede o di virt\u00f9 morale riferita o riferibile a Dio, 4) subita dall\u2019eroe con coscienza retta, costante fortezza e serena mitezza.<\/p>\n<p>I bambini non nati uccisi con l\u2019aborto possono essere considerati martiri? Ci sono gli elementi validi per un loro riconoscimento da parte della Chiesa?<\/p>\n<p>Nel libro \u201d<span style=\"color: #ff0000;\"><a style=\"color: #ff0000;\" title=\"scarica il libro\" href=\"https:\/\/martirinonnati.org\/scarica-il-libro\/\" target=\"_blank\" rel=\"noopener\"><u>Il martirio dei bimbi non nati<\/u><\/a><\/span>\u201d \u00e8 ampliamente trattato il tema e sono date delle ipotesi per riconoscere il loro come vero martirio. Tale ipotesi sono il motivo che ha spinto la costituzione dell\u2019Associazione per la Postulazione della causa dei bimbi non nati-martiri.<\/p>\n<p>Tale ipotesi \u00e8 suffragata anche dalle affermazioni della Commissione Teologica Internazionale del 2007:<\/p>\n<p><strong><em>\u201c Alcuni dei bambini che soffrono e muoiono sono vittime della violenza. Nel loro caso, avendo come riferimento l\u2019esempio dei Santi Innocenti, possiamo ravvisare una analogia con il Battesimo di sangue che reca la salvezza. Anche se inconsapevolmente, i Santi Innocenti hanno sofferto e sono morti per Cristo; i loro carnefici erano mossi dall\u2019intento di uccidere il Bambino Ges\u00f9. Proprio come coloro che hanno tolto la vita ai Santi Innocenti erano spinti dalla paura e dall\u2019egoismo, cos\u00ec la vita dei bambini di oggi, in particolar modo quelli ancora nel grembo materno, \u00e8 spesso messa in pericolo dalla paura e dall\u2019egoismo altrui. In questo senso si trovano in una condizione di solidariet\u00e0 con i Santi Innocenti. Non solo, sono anche in una situazione di solidariet\u00e0 con il Cristo che ha detto: \u201c In verit\u00e0 vi dico: ogni volta che avete fatto queste cose a uno solo di questi fratelli pi\u00f9 piccoli, l\u2019avete fatto a me\u201d(Mt 25,40). E\u2019 vitale che la Chiesa proclami la speranza e la generosit\u00e0 che sono intrinseche al Vangelo ed essenziali per la tutela della vita.\u201d <\/em><\/strong><\/p>\n","protected":false},"excerpt":{"rendered":"<p>\u00a0 Dopo il Concilio Vaticano II si \u00e8 avuta una gran quantit\u00e0 di canonizzazioni e soprattutto si \u00e8 usciti da<\/p>\n","protected":false},"author":1,"featured_media":0,"parent":0,"menu_order":0,"comment_status":"closed","ping_status":"closed","template":"","meta":{"footnotes":""},"class_list":["post-203","page","type-page","status-publish","hentry"],"_links":{"self":[{"href":"https:\/\/martiriabortiti.org\/index.php?rest_route=\/wp\/v2\/pages\/203","targetHints":{"allow":["GET"]}}],"collection":[{"href":"https:\/\/martiriabortiti.org\/index.php?rest_route=\/wp\/v2\/pages"}],"about":[{"href":"https:\/\/martiriabortiti.org\/index.php?rest_route=\/wp\/v2\/types\/page"}],"author":[{"embeddable":true,"href":"https:\/\/martiriabortiti.org\/index.php?rest_route=\/wp\/v2\/users\/1"}],"replies":[{"embeddable":true,"href":"https:\/\/martiriabortiti.org\/index.php?rest_route=%2Fwp%2Fv2%2Fcomments&post=203"}],"version-history":[{"count":14,"href":"https:\/\/martiriabortiti.org\/index.php?rest_route=\/wp\/v2\/pages\/203\/revisions"}],"predecessor-version":[{"id":1911,"href":"https:\/\/martiriabortiti.org\/index.php?rest_route=\/wp\/v2\/pages\/203\/revisions\/1911"}],"wp:attachment":[{"href":"https:\/\/martiriabortiti.org\/index.php?rest_route=%2Fwp%2Fv2%2Fmedia&parent=203"}],"curies":[{"name":"wp","href":"https:\/\/api.w.org\/{rel}","templated":true}]}}